[INFO] cloning repository https://github.com/computermouth/sdl2-gfx-rs_test
[INFO] running `Command { std: "git" "-c" "credential.helper=" "-c" "credential.helper=/workspace/cargo-home/bin/git-credential-null" "clone" "--bare" "https://github.com/computermouth/sdl2-gfx-rs_test" "/workspace/cache/git-repos/https%3A%2F%2Fgithub.com%2Fcomputermouth%2Fsdl2-gfx-rs_test", kill_on_drop: false }`
[INFO] [stderr] Cloning into bare repository '/workspace/cache/git-repos/https%3A%2F%2Fgithub.com%2Fcomputermouth%2Fsdl2-gfx-rs_test'...
[INFO] running `Command { std: "git" "rev-parse" "HEAD", kill_on_drop: false }`
[INFO] [stdout] d8de2d28cbe73d4d1d4d96e40c7cf6ad9f93ceaf
[INFO] checking computermouth/sdl2-gfx-rs_test against try#72f88fc4e9458f89516a0b8b0868f3718aec5b47 for pr-74989
[INFO] running `Command { std: "git" "clone" "/workspace/cache/git-repos/https%3A%2F%2Fgithub.com%2Fcomputermouth%2Fsdl2-gfx-rs_test" "/workspace/builds/worker-4/source", kill_on_drop: false }`
[INFO] [stderr] Cloning into '/workspace/builds/worker-4/source'...
[INFO] [stderr] done.
[INFO] validating manifest of git repo https://github.com/computermouth/sdl2-gfx-rs_test on toolchain 72f88fc4e9458f89516a0b8b0868f3718aec5b47
[INFO] running `Command { std: "/workspace/cargo-home/bin/cargo" "+72f88fc4e9458f89516a0b8b0868f3718aec5b47" "read-manifest" "--manifest-path" "Cargo.toml", kill_on_drop: false }`
[INFO] started tweaking git repo https://github.com/computermouth/sdl2-gfx-rs_test
[INFO] finished tweaking git repo https://github.com/computermouth/sdl2-gfx-rs_test
[INFO] tweaked toml for git repo https://github.com/computermouth/sdl2-gfx-rs_test written to /workspace/builds/worker-4/source/Cargo.toml
[INFO] crate git repo https://github.com/computermouth/sdl2-gfx-rs_test already has a lockfile, it will not be regenerated
[INFO] running `Command { std: "/workspace/cargo-home/bin/cargo" "+72f88fc4e9458f89516a0b8b0868f3718aec5b47" "fetch" "--locked" "--manifest-path" "Cargo.toml", kill_on_drop: false }`
[INFO] [stderr] error: the lock file /workspace/builds/worker-4/source/Cargo.lock needs to be updated but --locked was passed to prevent this
[INFO] [stderr] If you want to try to generate the lock file without accessing the network, use the --offline flag.
[INFO] the lockfile is outdated, regenerating it
[INFO] running `Command { std: "/workspace/cargo-home/bin/cargo" "+72f88fc4e9458f89516a0b8b0868f3718aec5b47" "generate-lockfile" "--manifest-path" "Cargo.toml" "-Zno-index-update", kill_on_drop: false }`
[INFO] running `Command { std: "/workspace/cargo-home/bin/cargo" "+72f88fc4e9458f89516a0b8b0868f3718aec5b47" "fetch" "--locked" "--manifest-path" "Cargo.toml", kill_on_drop: false }`
[INFO] [stderr]  Downloading crates ...
[INFO] [stderr]   Downloaded sdl2-sys v0.6.2
[INFO] [stderr]   Downloaded sdl2 v0.9.1
[INFO] [stderr]   Downloaded sdl2_gfx v0.6.3
[INFO] running `Command { std: "docker" "create" "-v" "/var/lib/crater-agent-workspace/builds/worker-4/target:/opt/rustwide/target:rw,Z" "-v" "/var/lib/crater-agent-workspace/builds/worker-4/source:/opt/rustwide/workdir:ro,Z" "-v" "/var/lib/crater-agent-workspace/cargo-home:/opt/rustwide/cargo-home:ro,Z" "-v" "/var/lib/crater-agent-workspace/rustup-home:/opt/rustwide/rustup-home:ro,Z" "-e" "SOURCE_DIR=/opt/rustwide/workdir" "-e" "CARGO_TARGET_DIR=/opt/rustwide/target" "-e" "CARGO_HOME=/opt/rustwide/cargo-home" "-e" "RUSTUP_HOME=/opt/rustwide/rustup-home" "-w" "/opt/rustwide/workdir" "-m" "1610612736" "--user" "0:0" "--network" "none" "rustops/crates-build-env@sha256:d92eaeed33fa75130ca1ee6c8a01d1ffb62bac859dfdfb3450e3e5d1c0146529" "/opt/rustwide/cargo-home/bin/cargo" "+72f88fc4e9458f89516a0b8b0868f3718aec5b47" "metadata" "--no-deps" "--format-version=1", kill_on_drop: false }`
[INFO] [stdout] 813270bf2a2920e2fa8ee52640d598d330d04552a9fccd05a7148ab99572df21
[INFO] [stderr] WARNING: Your kernel does not support swap limit capabilities or the cgroup is not mounted. Memory limited without swap.
[INFO] running `Command { std: "docker" "start" "-a" "813270bf2a2920e2fa8ee52640d598d330d04552a9fccd05a7148ab99572df21", kill_on_drop: false }`
[INFO] running `Command { std: "docker" "inspect" "813270bf2a2920e2fa8ee52640d598d330d04552a9fccd05a7148ab99572df21", kill_on_drop: false }`
[INFO] running `Command { std: "docker" "rm" "-f" "813270bf2a2920e2fa8ee52640d598d330d04552a9fccd05a7148ab99572df21", kill_on_drop: false }`
[INFO] [stdout] 813270bf2a2920e2fa8ee52640d598d330d04552a9fccd05a7148ab99572df21
[INFO] running `Command { std: "docker" "create" "-v" "/var/lib/crater-agent-workspace/builds/worker-4/target:/opt/rustwide/target:rw,Z" "-v" "/var/lib/crater-agent-workspace/builds/worker-4/source:/opt/rustwide/workdir:ro,Z" "-v" "/var/lib/crater-agent-workspace/cargo-home:/opt/rustwide/cargo-home:ro,Z" "-v" "/var/lib/crater-agent-workspace/rustup-home:/opt/rustwide/rustup-home:ro,Z" "-e" "SOURCE_DIR=/opt/rustwide/workdir" "-e" "CARGO_TARGET_DIR=/opt/rustwide/target" "-e" "CARGO_INCREMENTAL=0" "-e" "RUST_BACKTRACE=full" "-e" "RUSTFLAGS=--cap-lints=forbid" "-e" "CARGO_HOME=/opt/rustwide/cargo-home" "-e" "RUSTUP_HOME=/opt/rustwide/rustup-home" "-w" "/opt/rustwide/workdir" "-m" "1610612736" "--user" "0:0" "--network" "none" "rustops/crates-build-env@sha256:d92eaeed33fa75130ca1ee6c8a01d1ffb62bac859dfdfb3450e3e5d1c0146529" "/opt/rustwide/cargo-home/bin/cargo" "+72f88fc4e9458f89516a0b8b0868f3718aec5b47" "check" "--frozen" "--all" "--all-targets" "--message-format=json", kill_on_drop: false }`
[INFO] [stdout] 47ca25be0f06cff1c26b7f5effc7adfabf3e03a744093b74fb7c0fefb37f37f6
[INFO] [stderr] WARNING: Your kernel does not support swap limit capabilities or the cgroup is not mounted. Memory limited without swap.
[INFO] running `Command { std: "docker" "start" "-a" "47ca25be0f06cff1c26b7f5effc7adfabf3e03a744093b74fb7c0fefb37f37f6", kill_on_drop: false }`
[INFO] [stderr]    Compiling sdl2-sys v0.6.2
[INFO] [stderr]     Checking c_vec v1.0.12
[INFO] [stderr]     Checking sdl2 v0.9.1
[INFO] [stderr]     Checking sdl2_gfx v0.6.3
[INFO] [stderr]     Checking gfxtest v0.1.0 (/opt/rustwide/workdir)
[INFO] [stdout] error: expected `:`, found `,`
[INFO] [stdout]  --> src/god.rs:6:18
[INFO] [stdout]   |
[INFO] [stdout] 6 |     pub video_subsys,
[INFO] [stdout]   |                     ^ expected `:`
[INFO] [stdout] 
[INFO] [stdout] 
[INFO] [stdout] error: expected `:`, found `,`
[INFO] [stdout]  --> src/god.rs:6:18
[INFO] [stdout]   |
[INFO] [stdout] 6 |     pub video_subsys,
[INFO] [stdout]   |                     ^ expected `:`
[INFO] [stdout] 
[INFO] [stdout] 
[INFO] [stdout] error[E0412]: cannot find type `SdlResult` in this scope
[INFO] [stdout]    --> src/god.rs:5:19
[INFO] [stdout]     |
[INFO] [stdout] 5   |       pub sdl_context: SdlResult<Sdl>,
[INFO] [stdout]     |                        ^^^^^^^^^
[INFO] [stdout]     |
[INFO] [stdout] help: an enum with a similar name exists
[INFO] [stdout]     |
[INFO] [stdout] 5   |     pub sdl_context: Result<Sdl>,
[INFO] [stdout]     |                      ^^^^^^
[INFO] [stdout] help: consider importing this type alias
[INFO] [stdout]     |
[INFO] [stdout] 4   | use sdl2::SdlResult;
[INFO] [stdout]     |
[INFO] [stdout] 
[INFO] [stdout] 
[INFO] [stdout] error[E0412]: cannot find type `Sdl` in this scope
[INFO] [stdout]  --> src/god.rs:5:29
[INFO] [stdout]   |
[INFO] [stdout] 5 |     pub sdl_context: SdlResult<Sdl>,
[INFO] [stdout]   |                                ^^^ not found in this scope
[INFO] [stdout]   |
[INFO] [stdout] help: consider importing this struct
[INFO] [stdout]   |
[INFO] [stdout] 4 | use sdl2::Sdl;
[INFO] [stdout]   |
[INFO] [stdout] 
[INFO] [stdout] 
[INFO] [stdout] error[E0412]: cannot find type `SdlResult` in this scope
[INFO] [stdout]    --> src/god.rs:5:19
[INFO] [stdout]     |
[INFO] [stdout] 5   |       pub sdl_context: SdlResult<Sdl>,
[INFO] [stdout]     |                        ^^^^^^^^^
[INFO] [stdout]     |
[INFO] [stdout] help: an enum with a similar name exists
[INFO] [stdout]     |
[INFO] [stdout] 5   |     pub sdl_context: Result<Sdl>,
[INFO] [stdout]     |                      ^^^^^^
[INFO] [stdout] help: consider importing this type alias
[INFO] [stdout]     |
[INFO] [stdout] 4   | use sdl2::SdlResult;
[INFO] [stdout]     |
[INFO] [stdout] 
[INFO] [stdout] 
[INFO] [stdout] error[E0412]: cannot find type `Sdl` in this scope
[INFO] [stdout]  --> src/god.rs:5:29
[INFO] [stdout]   |
[INFO] [stdout] 5 |     pub sdl_context: SdlResult<Sdl>,
[INFO] [stdout]   |                                ^^^ not found in this scope
[INFO] [stdout]   |
[INFO] [stdout] help: consider importing this struct
[INFO] [stdout]   |
[INFO] [stdout] 4 | use sdl2::Sdl;
[INFO] [stdout]   |
[INFO] [stdout] 
[INFO] [stdout] 
[INFO] [stdout] error: aborting due to 3 previous errors
[INFO] [stdout] 
[INFO] [stdout] 
[INFO] [stdout] For more information about this error, try `rustc --explain E0412`.
[INFO] [stdout] 
[INFO] [stdout] error: aborting due to 3 previous errors
[INFO] [stdout] 
[INFO] [stdout] 
[INFO] [stdout] For more information about this error, try `rustc --explain E0412`.
[INFO] [stdout] 
[INFO] [stderr] error: could not compile `gfxtest`.
[INFO] [stderr] 
[INFO] [stderr] To learn more, run the command again with --verbose.
[INFO] [stderr] warning: build failed, waiting for other jobs to finish...
[INFO] [stderr] error: build failed
[INFO] running `Command { std: "docker" "inspect" "47ca25be0f06cff1c26b7f5effc7adfabf3e03a744093b74fb7c0fefb37f37f6", kill_on_drop: false }`
[INFO] running `Command { std: "docker" "rm" "-f" "47ca25be0f06cff1c26b7f5effc7adfabf3e03a744093b74fb7c0fefb37f37f6", kill_on_drop: false }`
[INFO] [stdout] 47ca25be0f06cff1c26b7f5effc7adfabf3e03a744093b74fb7c0fefb37f37f6
